 366 + -161. Is u composite?
True
Suppose 15 = 3*i, -5*a + 3 = i - 782. Let m = a - -35. Is m prime?
True
Suppose n + 0*p + p - 26 = 0, -5*p - 78 = -3*n. Let j = 7 + n. Is j composite?
True
Let p = 4665 + -3032. Is p prime?
False
Let z = 26 - 16. Suppose 0*w = 5*w + z. Is (-1 - -3)/w + 150 a composite number?
False
Let g = -6 - -9. Suppose 2*h + 2*h = -x + 98, 0 = -4*h - g*x + 102. Suppose -9 - h = -2*v - 3*l, -2*v - 4*l + 38 = 0. Is v composite?
True
Suppose 5*t - t = 5852. Is t/21 + 2/(-3) prime?
False
Let f = -79 - -580. Is f a composite number?
True
Suppose 3972 = -2*o + 6*o. Is o prime?
False
Suppose n - 2 = 2. Suppose 3*f - n*f = -19. Is f a prime number?
True
Let q(a) = 4*a**2 - 11*a - 69. Is q(28) a composite number?
True
Let q(k) = k**2 + 6*k. Let a be q(-6). Suppose 3*m - 57 = -a*m. Is m a prime number?
True
Let l(g) = -3 - 220*g + 6 + 63*g. Let j be l(-3). Is 2/(3*4/j) a composite number?
False
Suppose -3*m - 10 = -4*d, -d + 3*m = -4*d + 18. Suppose -4*p - 30 = -2*i, 43 - 6 = 3*i - d*p. Is i a prime number?
True
Suppose 4 = -2*a, 0 = v - 5*a + a - 579. Is v a composite number?
False
Suppose 507 = 6*b - 489. Is b prime?
False
Let r be (424/(-10))/(34/(-85)). Let l = r + -71. Is l a prime number?
False
Suppose 1190 + 365 = 5*d. Is d composite?
False
Let u = 6 + -4. Suppose -4*d = -3*w - 99, -3*d + u*w = -0*w - 73. Is d composite?
True
Suppose 2*t = -7*y + 2*y + 385, 0 = 4*y - 4. Suppose 0 = -4*b - f + t, f = -4*b + 2*f + 186. Is b a composite number?
False
Let w = -13 + 156. Is w composite?
True
Let h be 8/(-12) + (-636)/(-9). Suppose -3*u + 23 = -h. Is u composite?
False
Let x(t) = 7 - 3*t**3 - 4*t**2 + 4*t**3 + 0*t**2 + 3*t. Suppose v = 2*y + 5, -2*y - 15 = -3*v + y. Is x(v) a composite number?
False
Suppose 2*h = h - 5, -3*f - 83 = 4*h. Let x = 90 + f. Is x a composite number?
True
Let w = 4721 - 1516. Is w a prime number?
False
Suppose 4 = 4*p + 76. Is (-8)/(-36) - 464/p a composite number?
True
Is 8*14 - (-9)/3 prime?
False
Let p = 95 + 0. Is p a prime number?
False
Let m(n) = -155*n - 30. Is m(-7) a composite number?
True
Suppose 2*t = -3*t - 15. Let o be (0 - t/3)/1. Let y = o - -38. Is y prime?
False
Let i = -4621 + 8904. Is i a composite number?
False
Let f(o) = -2*o**2 + 7*o + 7. Let k(i) = -3*i**2 + 14*i + 13. Let z(m) = 5*f(m) - 3*k(m). Is z(-6) a composite number?
False
Let r = 20 + -28. Is (-9 - -5)*970/r a composite number?
True
Suppose -2*p = z - 2301, -4*p = -3*z + 8*z - 4599. Is p a composite number?
False
Suppose 0 = -2*h + 4*s - 444 + 1278, 0 = 3*s + 6. Is h a composite number?
True
Suppose 0*q - q = -2. Suppose -q*p = y + 2*p - 47, 269 = 5*y + 3*p. Is y a composite number?
True
Let h be 22/(-4) - 8/(-16). Let l(q) = 2*q**2 - q - 6. Is l(h) prime?
False
Let n = 6 - 3. Suppose -34 = -l + n. Is l a composite number?
False
Suppose -18 = -2*g + 2*v, g + 0*v + v - 9 = 0. Let s = g - 6. Suppose 0 = -d + p + 145, d + s*d = -p + 580. Is d a composite number?
True
Let v = -99 + 69. Let z = -19 - v. Is z prime?
True
Let l = -113 - -158. Suppose -l - 231 = -4*n. Is n composite?
True
Let k(r) = -6*r**3 + r**2 + 4*r + 3. Is k(-2) prime?
True
Let t(g) = -g**3 + 2*g**2 + 3*g + 4. Let i be t(3). Suppose -2*o + 2 + i = 0. Suppose l = -2, o*v - 3*l - 2*l - 247 = 0. Is v prime?
True
Let n = -82 - -156. Suppose 3*p = -8 + n. Suppose -4*w + 246 = -p. Is w a prime number?
True
Let h(t) = t**3 + 10*t**2 - 10*t + 11. Let f be h(-11). Let g(p) = -p**2 + 33. Is g(f) composite?
True
Let p(l) = l**3 + 14*l**2 - 12*l - 2. Is p(-9) prime?
False
Let m(y) = y**2 - 2*y + 9. Let r = 31 - 25. Is m(r) a prime number?
False
Suppose 0*p + 15 = p. Suppose -p - 55 = -2*h. Is h prime?
False
Let m(d) = 3*d**2 - 3*d - 5. Let l(q) = -q**2 + q - 1. Let g(y) = 2*l(y) + m(y). Let v(i) = -6*i**2 + 2*i - 1. Let f be v(1). Is g(f) a prime number?
True
Is (-158)/(1*(-3 - -1)) a composite number?
False
Suppose 1240 = 12*h - 8*h. Suppose -h = -3*b + 161. Is b composite?
False
Suppose -5*g + 58 = -32. Suppose -1 = -3*a + i + 1, g = -a + 5*i. Is ((-19)/2)/((-1)/a) composite?
False
Let a be -3*(-1 - -3)*-46. Suppose 2*v - a = -2*v. Is v a composite number?
True
Suppose 2*c = 4*h - 641 - 23, 2*c = 5*h - 830. Let f = 489 + h. Is f a composite number?
True
Suppose -5*w - 2420 = -4*d - 2*w, 3*d - 5*w - 1826 = 0. Suppose 5*s - j + 4*j = 1487, -2*s - 3*j + d = 0. Is s a prime number?
False
Let f(o) = 47*o + 87. Is f(16) prime?
True
Let k be -3 + 2 + 2 + -5. Is k/(-14) + 2335/35 a composite number?
False
Let l = -234 + 455. Is l a composite number?
True
Suppose -4*p = 3*d - 5 - 0, -p - 3*d - 1 = 0. Let c be (-4)/16 - (-18)/8. Suppose 5*o = p*q + 69, 8 = -c*q - 2*q. Is o a composite number?
False
Let j = -7 + 10. Suppose 0 = -a + j*a - 142. Is a a composite number?
False
Is ((-1)/(-1))/((-6)/(-1338)) a composite number?
False
Let a = 9 + -5. Let p = a + -2. Suppose 0 = -p*k + 10, n - 28 = -n + 2*k. Is n a prime number?
True
Let o be 6/(-9) - (-41)/3. Let q = 8 + o. Suppose -4*z = 5*u - 177, -q + 103 = 2*u - 4*z. Is u a composite number?
False
Let h be 0*(2 + 15/(-9)). Suppose t + h*t - 6 = 0. Is t a prime number?
False
Let v = 58 - 37. Is v a composite number?
True
Suppose -2*q + l = -52, 64 = 2*q - 4*l + 6*l. Suppose 3*t + t + 20 = 3*o, -4*t - q = -5*o. Is (-38)/o*(0 + -2) prime?
True
Let h(q) = q**3 - 4*q**2 + 4*q. Let n be h(4). Suppose -n - 14 = -2*o. Is (-348)/(-10) - (-3)/o prime?
False
Suppose i = 16 + 66. Is i a prime number?
False
Is 2062*15/12*(-6)/(-15) a composite number?
False
Let g(m) = 16*m**2 + 12*m - 3. Is g(8) composite?
False
Suppose -3*n + 433 - 79 = 3*c, 4*n + 218 = 2*c. Is c prime?
False
Let l be 4/(12/(-15))*-1. Let b = -1 - l. Is (-1 + b)*(4 - 9) a composite number?
True
Suppose 0*f = -f - 15. Let c(i) = -2*i + 1. Is c(f) composite?
False
Let p = 2261 + -1396. Is p composite?
True
Let l be -1 - -77 - 1*-1. Let m = l - 52. Is m a composite number?
True
Suppose 4*n - 2*n = r - 12, 5*r = 3*n + 25. Is (-12 + 6)*(-17)/r composite?
True
Let g(r) = -r**3 + 12*r**2 - 13*r + 8. Is g(9) prime?
False
Let r be 227/(1*(-5 + 4)). Let w = -100 - r. Is w prime?
True
Let z = 189 - 98. Is z prime?
False
Let l = 360 + -169. Is l prime?
True
Suppose 27 = -5*w - 3. Let x(n) = -3*n + 7. Is x(w) composite?
True
Let f = -37 + 90. Suppose 0*z = -z - 4*s + 5, 0 = -3*z + 5*s - f. Let j = z + 18. Is j composite?
False
Let j(u) = -5*u - 6. Is j(-4) prime?
False
Let c be 8*(3/(-6) + 1). Suppose c*u = -u - 3*n + 17, u - n = 5. Is (-6)/u*(-140)/21 a composite number?
True
Let r = 1553 - 862. Is r prime?
True
Let i be (1/(-2))/(2/184). Suppose 2*g + 2*z = -4, 6 = g + 3*z - 0*z. Is i/(g/9*3) a composite number?
False
Let r = 13 - 8. Suppose -r*f + 89 = -126. Is f composite?
False
Suppose 14799 = 5*v - 4*u - 0*u, -v - 4*u = -2979. Is v composite?
False
Is (5/((-45)/(-1266)))/((-6)/(-9)) a composite number?
False
Let q be (18 - 0)/(12/8). Let z(w) = w**2 - 11*w + 11. Is z(q) a prime number?
True
Suppose -z - 4*z + 18725 = 0. Suppose -4*b + z = b. Is b composite?
True
Let u(r) = -305*r**3 - 4*r**2 + 2*r + 3. Is u(-2) composite?
False
Let c(u) = u**3 + 5*u**2 - 7*u. Let b be c(-6). Let l = 6 - b. Suppose l = w - 12 + 2. Is w composite?
True
Let q = -4 - -2. Let a be 3 + (4 - 2)/q. Suppose -160 = -2*b - a*r, 2*r - 85 + 10 = -b. Is b a prime number?
False
Suppose 3*s + y = 1550 + 1672, 3*s + 5*y = 3234. Is s a prime number?
False
Let n(g) = g - 3. Let u be n(6). Suppose u*o = 8*o - 245. Is o a composite number?
True
Suppose 3*b = 4*t + 503, t + 0*t = 5*b - 810. Is b a prime number?
False
Suppose -c = -4*h + c + 732, 0 = -h - 5*c + 205. Is h composite?
True
Suppose 2*z + 2*m = 1580, -1350 = -2*z + m + 215. Is z a prime number?
False
Suppose -1099 = -5*m + 2*p, m - p + 666 = 4*m. Is m composite?
True
Suppose 1924 = 10*m - 6*m. Is m a prime number?
False
Let x(z) = -3*z + 6. Let g be x(4). Let h be 2*2 - 2 - -7. Let f = h - g. Is f a composite number?
True
Is (-17)/(-1)*(12 - (5 - 10)) a prime number?
False
Let b = -7 + 7. Let x = b - 3. Let u(y) = -2*y**3 - 1. Is u(x) a composite number?
False
Let b = -9 + 22. Is (10 - 11)*b/(-1) a composite number?
False
Let w(i) = -i**3 + 6*i**2 + 3*i - 7. Let v(j) = 10*j**2 + 2*j + 6*j - 6 - 11*j**2 + 0*j. Let r be v(6). Is w(r) prime?
True
Let a(z) = -z